{"id":954,"date":"2016-07-15T14:19:56","date_gmt":"2016-07-15T14:19:56","guid":{"rendered":"http:\/\/test.kriesi.at\/enfold-medical\/?page_id=954"},"modified":"2024-02-15T17:30:47","modified_gmt":"2024-02-15T17:30:47","slug":"contact","status":"publish","type":"page","link":"https:\/\/laboratoriosiac.cl\/index.php\/contact\/","title":{"rendered":"Contact"},"content":{"rendered":"<div id='av-layout-grid-1'  class='av-layout-grid-container av-3znmz6-f261ea6a19a67a36367cd24bf4acbbb7 entry-content-wrapper main_color av-fixed-cells  avia-builder-el-0  el_before_av_section  avia-builder-el-first   container_wrap sidebar_right'  >\n\n<style type=\"text\/css\" data-created_by=\"avia_inline_auto\" id=\"style-css-av-3tm3yi-a386432aa5f4d69efe6037027c45b11c\">\n.flex_cell.av-3tm3yi-a386432aa5f4d69efe6037027c45b11c{\nvertical-align:top;\npadding:9px 0px 0px 0px;\nbackground-color:#b02b2c;\n}\n<\/style>\n<div class='flex_cell av-3tm3yi-a386432aa5f4d69efe6037027c45b11c av-gridrow-cell av_one_half no_margin  avia-builder-el-1  el_before_av_cell_one_half  avia-builder-el-first ' ><div class='flex_cell_inner'><\/div><\/div>\n<style type=\"text\/css\" data-created_by=\"avia_inline_auto\" id=\"style-css-av-3oe4ze-146175ed068395cc6e999ef887b2c660\">\n.flex_cell.av-3oe4ze-146175ed068395cc6e999ef887b2c660{\nvertical-align:top;\npadding:9px 0px 0px 0px;\nbackground-color:#b02b2c;\n}\n<\/style>\n<div class='flex_cell av-3oe4ze-146175ed068395cc6e999ef887b2c660 av-gridrow-cell av_one_half no_margin  avia-builder-el-2  el_after_av_cell_one_half  avia-builder-el-last ' ><div class='flex_cell_inner'><\/div><\/div>\n<\/div>\n<div id='av_section_1'  class='avia-section av-3l6hei-9e92f5c2cce57d4994724d096a8d9fcd main_color avia-section-huge avia-no-border-styling  avia-builder-el-3  el_after_av_layout_row  avia-builder-el-last  avia-bg-style-scroll container_wrap sidebar_right'  ><div class='container av-section-cont-open' ><div class='template-page content  av-content-small alpha units'><div class='post-entry post-entry-type-page post-entry-954'><div class='entry-content-wrapper clearfix'>\n<div class='flex_column_table av-3c2jui-00906d0c55e10e2ab2f2a957c6bcbdae sc-av_one_third av-equal-height-column-flextable'>\n<style type=\"text\/css\" data-created_by=\"avia_inline_auto\" id=\"style-css-av-3c2jui-00906d0c55e10e2ab2f2a957c6bcbdae\">\n#top .flex_column_table.av-equal-height-column-flextable.av-3c2jui-00906d0c55e10e2ab2f2a957c6bcbdae{\nmargin-top:0px;\nmargin-bottom:0px;\n}\n.flex_column.av-3c2jui-00906d0c55e10e2ab2f2a957c6bcbdae{\n-webkit-border-radius:0px 0px 0px 0px;\n-moz-border-radius:0px 0px 0px 0px;\nborder-radius:0px 0px 0px 0px;\npadding:40px 40px 40px 40px;\n}\n<\/style>\n<div class='flex_column av-3c2jui-00906d0c55e10e2ab2f2a957c6bcbdae av_one_third  avia-builder-el-4  el_before_av_one_third  avia-builder-el-first  first no_margin flex_column_table_cell av-equal-height-column av-align-top '     ><\/div>\n<style type=\"text\/css\" data-created_by=\"avia_inline_auto\" id=\"style-css-av-36owea-539db3bd26df2a5f46b8a39b847f3f1e\">\n#top .flex_column_table.av-equal-height-column-flextable.av-36owea-539db3bd26df2a5f46b8a39b847f3f1e{\nmargin-top:0px;\nmargin-bottom:0px;\n}\n.flex_column.av-36owea-539db3bd26df2a5f46b8a39b847f3f1e{\n-webkit-border-radius:0px 0px 0px 0px;\n-moz-border-radius:0px 0px 0px 0px;\nborder-radius:0px 0px 0px 0px;\npadding:40px 40px 40px 40px;\nbackground-color:#b02b2c;\n}\n<\/style>\n<div class='flex_column av-36owea-539db3bd26df2a5f46b8a39b847f3f1e av_one_third  avia-builder-el-5  el_after_av_one_third  el_before_av_one_third  no_margin flex_column_table_cell av-equal-height-column av-align-top '     ><p>\n<style type=\"text\/css\" data-created_by=\"avia_inline_auto\" id=\"style-css-av-31ak96-11f85e1d2cc029da16fee4c641fbd581\">\n.av_font_icon.av-31ak96-11f85e1d2cc029da16fee4c641fbd581{\ncolor:#ffffff;\nborder-color:#ffffff;\n}\n.av_font_icon.av-31ak96-11f85e1d2cc029da16fee4c641fbd581 .av-icon-char{\nfont-size:60px;\nline-height:60px;\n}\n<\/style>\n<span  class='av_font_icon av-31ak96-11f85e1d2cc029da16fee4c641fbd581 avia_animate_when_visible av-icon-style- avia-icon-pos-center avia-icon-animate'><span class='av-icon-char' aria-hidden='true' data-av_icon='\uf106' data-av_iconfont='flaticon' ><\/span><\/span><br \/>\n\n<style type=\"text\/css\" data-created_by=\"avia_inline_auto\" id=\"style-css-av-2xaldu-e6db00254b813ef2a18fa60160df9a0f\">\n#top .hr.hr-invisible.av-2xaldu-e6db00254b813ef2a18fa60160df9a0f{\nheight:20px;\n}\n<\/style>\n<div  class='hr av-2xaldu-e6db00254b813ef2a18fa60160df9a0f hr-invisible  avia-builder-el-7  el_after_av_font_icon  el_before_av_textblock '><span class='hr-inner '><span class=\"hr-inner-style\"><\/span><\/span><\/div><br \/>\n\n<style type=\"text\/css\" data-created_by=\"avia_inline_auto\" id=\"style-css-av-2smvkq-57eea0e2684eca7f784bec56396d785d\">\n#top .av_textblock_section.av-2smvkq-57eea0e2684eca7f784bec56396d785d .avia_textblock{\ncolor:#ffffff;\n}\n<\/style>\n<section  class='av_textblock_section av-2smvkq-57eea0e2684eca7f784bec56396d785d'  itemscope=\"itemscope\" itemtype=\"https:\/\/schema.org\/CreativeWork\" ><div class='avia_textblock av_inherit_color'  itemprop=\"text\" ><h4 style=\"text-align: center;\">Contacto<\/h4>\n<p style=\"text-align: center;\">\u00a1Vis\u00edtanos en Laboratorio SIAC!<\/p>\n<\/div><\/section><br \/>\n\n<style type=\"text\/css\" data-created_by=\"avia_inline_auto\" id=\"style-css-av-2k722q-1b520c8807031e038a631f590fdf4a83\">\n#top .hr.hr-invisible.av-2k722q-1b520c8807031e038a631f590fdf4a83{\nheight:8px;\n}\n<\/style>\n<div  class='hr av-2k722q-1b520c8807031e038a631f590fdf4a83 hr-invisible  avia-builder-el-9  el_after_av_textblock  avia-builder-el-last '><span class='hr-inner '><span class=\"hr-inner-style\"><\/span><\/span><\/div><\/p><\/div>\n<style type=\"text\/css\" data-created_by=\"avia_inline_auto\" id=\"style-css-av-2dptgy-9e88d814e0959b2a5c5bfcf9ed385c94\">\n#top .flex_column_table.av-equal-height-column-flextable.av-2dptgy-9e88d814e0959b2a5c5bfcf9ed385c94{\nmargin-top:0px;\nmargin-bottom:0px;\n}\n.flex_column.av-2dptgy-9e88d814e0959b2a5c5bfcf9ed385c94{\n-webkit-border-radius:0px 0px 0px 0px;\n-moz-border-radius:0px 0px 0px 0px;\nborder-radius:0px 0px 0px 0px;\npadding:40px 40px 40px 40px;\n}\n<\/style>\n<div class='flex_column av-2dptgy-9e88d814e0959b2a5c5bfcf9ed385c94 av_one_third  avia-builder-el-10  el_after_av_one_third  el_before_av_one_half  no_margin flex_column_table_cell av-equal-height-column av-align-top '     ><\/div><\/div><!--close column table wrapper. Autoclose: 1 -->\n<style type=\"text\/css\" data-created_by=\"avia_inline_auto\" id=\"style-css-av-2aeuai-c97da7fe26da5abaa7f262ec83eeea2b\">\n.flex_column.av-2aeuai-c97da7fe26da5abaa7f262ec83eeea2b{\n-webkit-border-radius:0px 0px 0px 0px;\n-moz-border-radius:0px 0px 0px 0px;\nborder-radius:0px 0px 0px 0px;\n}\n<\/style>\n<div class='flex_column av-2aeuai-c97da7fe26da5abaa7f262ec83eeea2b av_one_half  avia-builder-el-11  el_after_av_one_third  el_before_av_one_half  first flex_column_div av-animated-generic bottom-to-top av-zero-column-padding column-top-margin'     ><p>\n<style type=\"text\/css\" data-created_by=\"avia_inline_auto\" id=\"style-css-av-21rl1m-38a4ca83e881ba18dace0930865f3201\">\n#top .av-special-heading.av-21rl1m-38a4ca83e881ba18dace0930865f3201{\npadding-bottom:20px;\nfont-size:34px;\n}\nbody .av-special-heading.av-21rl1m-38a4ca83e881ba18dace0930865f3201 .av-special-heading-tag .heading-char{\nfont-size:25px;\n}\n#top #wrap_all .av-special-heading.av-21rl1m-38a4ca83e881ba18dace0930865f3201 .av-special-heading-tag{\nfont-size:34px;\n}\n.av-special-heading.av-21rl1m-38a4ca83e881ba18dace0930865f3201 .av-subheading{\nfont-size:15px;\n}\n<\/style>\n<div  class='av-special-heading av-21rl1m-38a4ca83e881ba18dace0930865f3201 av-special-heading-h3 blockquote modern-quote  avia-builder-el-12  el_before_av_contact  avia-builder-el-first  av-inherit-size'><div class='av-subheading av-subheading_above'><p>Contactanos<\/p>\n<\/div><h3 class='av-special-heading-tag'  itemprop=\"headline\"  >Haz una cita<\/h3><div class=\"special-heading-border\"><div class=\"special-heading-inner-border\"><\/div><\/div><\/div><br \/>\n<form action=\"https:\/\/laboratoriosiac.cl\/index.php\/contact\/\" method=\"post\"  class=\"avia_ajax_form av-form-labels-hidden   avia-builder-el-13  el_after_av_heading  avia-builder-el-last   \" data-avia-form-id=\"1\" data-avia-redirect='' ><fieldset><p class='  first_form  form_element form_element_half' id='element_avia_1_1'><label for=\"avia_1_1\">Nombre <abbr class=\"required\" title=\"requerido\">*<\/abbr><\/label> <input name=\"avia_1_1\" class=\"text_input is_empty\" type=\"text\" id=\"avia_1_1\" value=\"\"  placeholder='Nombre*'\/><\/p><p class='  form_element form_element_half' id='element_avia_2_1'><label for=\"avia_2_1\">E-Mail <abbr class=\"required\" title=\"requerido\">*<\/abbr><\/label> <input name=\"avia_2_1\" class=\"text_input is_email\" type=\"text\" id=\"avia_2_1\" value=\"\"  placeholder='E-Mail*'\/><\/p><p class='  first_form  form_element form_fullwidth' id='element_avia_3_1'><label for=\"avia_3_1\">Departmento <abbr class=\"required\" title=\"requerido\">*<\/abbr><\/label><select  name=\"avia_3_1\" class=\"select is_empty\" id=\"avia_3_1\"><option  value =''>Departmento*<\/option><option  value ='Toma de Muestras'>Toma de Muestras<\/option><option  value ='Examenes Urgentes'>Examenes Urgentes<\/option><option  value ='Atenci\u00f3n Domiciliaria'>Atenci\u00f3n Domiciliaria<\/option><option  value ='Derivaci\u00f3n de Examenes'>Derivaci\u00f3n de Examenes<\/option><\/select><\/p><p class='  first_form  form_element form_fullwidth' id='element_avia_4_1'><label for=\"avia_4_1\">Asunto <abbr class=\"required\" title=\"requerido\">*<\/abbr><\/label> <input name=\"avia_4_1\" class=\"text_input is_empty\" type=\"text\" id=\"avia_4_1\" value=\"\"  placeholder='Asunto*'\/><\/p><p class='  first_form  form_element form_fullwidth av-last-visible-form-element' id='element_avia_5_1'><label for=\"avia_5_1\" class=\"textare_label hidden textare_label_avia_5_1\">Mensaje <abbr class=\"required\" title=\"requerido\">*<\/abbr><\/label><textarea  placeholder='Mensaje*' name=\"avia_5_1\" class=\"text_area is_empty\" cols=\"40\" rows=\"7\" id=\"avia_5_1\" ><\/textarea><\/p><p class=\"hidden\"><input type=\"text\" name=\"avia_6_1\" class=\"hidden \" id=\"avia_6_1\" value=\"\" \/><\/p><p class=\"form_element \"><input type=\"hidden\" value=\"1\" name=\"avia_generated_form1\" \/><input type=\"submit\" value=\"Enviar\" class=\"button\"  data-sending-label=\"Enviando\"\/><\/p><\/fieldset><\/form><div id=\"ajaxresponse_1\" class=\"ajaxresponse ajaxresponse_1 hidden\"><\/div><\/p><\/div>\n<style type=\"text\/css\" data-created_by=\"avia_inline_auto\" id=\"style-css-av-2rmdu-6ba2d797a6b373f7cbf42c11d2765b0b\">\n.flex_column.av-2rmdu-6ba2d797a6b373f7cbf42c11d2765b0b{\n-webkit-border-radius:0px 0px 0px 0px;\n-moz-border-radius:0px 0px 0px 0px;\nborder-radius:0px 0px 0px 0px;\n}\n<\/style>\n<div class='flex_column av-2rmdu-6ba2d797a6b373f7cbf42c11d2765b0b av_one_half  avia-builder-el-14  el_after_av_one_half  avia-builder-el-last  flex_column_div av-animated-generic bottom-to-top av-zero-column-padding column-top-margin'     ><p>\n<style type=\"text\/css\" data-created_by=\"avia_inline_auto\" id=\"style-css-av-1x3ma-02a5a0470fc1f2da0c0ae973b427f9dc\">\n#top .av-special-heading.av-1x3ma-02a5a0470fc1f2da0c0ae973b427f9dc{\npadding-bottom:20px;\nfont-size:34px;\n}\nbody .av-special-heading.av-1x3ma-02a5a0470fc1f2da0c0ae973b427f9dc .av-special-heading-tag .heading-char{\nfont-size:25px;\n}\n#top #wrap_all .av-special-heading.av-1x3ma-02a5a0470fc1f2da0c0ae973b427f9dc .av-special-heading-tag{\nfont-size:34px;\n}\n.av-special-heading.av-1x3ma-02a5a0470fc1f2da0c0ae973b427f9dc .av-subheading{\nfont-size:15px;\n}\n<\/style>\n<div  class='av-special-heading av-1x3ma-02a5a0470fc1f2da0c0ae973b427f9dc av-special-heading-h3 blockquote modern-quote  avia-builder-el-15  el_before_av_textblock  avia-builder-el-first  av-inherit-size'><div class='av-subheading av-subheading_above'><p>Visitanos<\/p>\n<\/div><h3 class='av-special-heading-tag'  itemprop=\"headline\"  >Donde estamos<\/h3><div class=\"special-heading-border\"><div class=\"special-heading-inner-border\"><\/div><\/div><\/div><br \/>\n<section  class='av_textblock_section av-hrf96-cd9dec58befac5088bc306313e1e2eea'  itemscope=\"itemscope\" itemtype=\"https:\/\/schema.org\/CreativeWork\" ><div class='avia_textblock'  itemprop=\"text\" ><p><strong>Rodr\u00edguez 995, Copiap\u00f3<\/strong><\/p>\n<p>Fono: <strong>(052) 2535383<\/strong><\/p>\n<p><b>HORARIO DE ATENCI\u00d3N<\/b><\/p>\n<p><strong>LUNES A VIERNES\u00a0 \u00a0 <\/strong>8:00 a 16:30 horas<\/p>\n<p><strong>SABADOS\u00a0 <\/strong>9:00 a 13:00 horas<\/p>\n<p><strong>TOMA DE MUESTRAS<\/strong><\/p>\n<p><strong>LUNES\u00a0A VIERNES\u00a0 <\/strong>8:00 a 11:00<\/p>\n<p><strong>SABADOS\u00a0 <\/strong>9:00 a 10:30<\/p>\n<\/div><\/section><br \/>\n<section  class='av_textblock_section av-a23gi-47fb194510a24b9daad321b3de0966f4'  itemscope=\"itemscope\" itemtype=\"https:\/\/schema.org\/CreativeWork\" ><div class='avia_textblock'  itemprop=\"text\" ><p>En Laboratorio SIAC, te ofrecemos una experiencia \u00fanica y confiable en el cuidado de tu salud. Nuestras modernas instalaciones cuentan con equipos de \u00faltima generaci\u00f3n y cumplen con los m\u00e1s altos est\u00e1ndares de calidad y seguridad.<\/p>\n<blockquote>\n<p>Nuestro objetivo es brindarte una atenci\u00f3n personalizada y resultados precisos en cada an\u00e1lisis cl\u00ednico y examen m\u00e9dico. Adem\u00e1s, contamos con un vacunatorio completo para proteger tu salud y la de tu familia.<\/p>\n<\/blockquote>\n<p>Te invitamos a visitar nuestro laboratorio y confiar en nuestra experiencia y compromiso para cuidar de ti. En Laboratorio SIAC, tu bienestar es nuestra prioridad. \u00a1Esperamos recibirte con los brazos abiertos!<\/p>\n<\/div><\/section><\/p><\/div><\/div><\/div><\/div><!-- close content main div --><\/div><\/div><div id='after_section_1'  class='main_color av_default_container_wrap container_wrap sidebar_right'  ><div class='container av-section-cont-open' ><div class='template-page content  av-content-small alpha units'><div class='post-entry post-entry-type-page post-entry-954'><div class='entry-content-wrapper clearfix'>\n","protected":false},"excerpt":{"rendered":"","protected":false},"author":1,"featured_media":0,"parent":0,"menu_order":0,"comment_status":"closed","ping_status":"closed","template":"","meta":{"footnotes":""},"class_list":["post-954","page","type-page","status-publish","hentry"],"_links":{"self":[{"href":"https:\/\/laboratoriosiac.cl\/index.php\/wp-json\/wp\/v2\/pages\/954","targetHints":{"allow":["GET"]}}],"collection":[{"href":"https:\/\/laboratoriosiac.cl\/index.php\/wp-json\/wp\/v2\/pages"}],"about":[{"href":"https:\/\/laboratoriosiac.cl\/index.php\/wp-json\/wp\/v2\/types\/page"}],"author":[{"embeddable":true,"href":"https:\/\/laboratoriosiac.cl\/index.php\/wp-json\/wp\/v2\/users\/1"}],"replies":[{"embeddable":true,"href":"https:\/\/laboratoriosiac.cl\/index.php\/wp-json\/wp\/v2\/comments?post=954"}],"version-history":[{"count":10,"href":"https:\/\/laboratoriosiac.cl\/index.php\/wp-json\/wp\/v2\/pages\/954\/revisions"}],"predecessor-version":[{"id":1355,"href":"https:\/\/laboratoriosiac.cl\/index.php\/wp-json\/wp\/v2\/pages\/954\/revisions\/1355"}],"wp:attachment":[{"href":"https:\/\/laboratoriosiac.cl\/index.php\/wp-json\/wp\/v2\/media?parent=954"}],"curies":[{"name":"wp","href":"https:\/\/api.w.org\/{rel}","templated":true}]}}